{"id":11781,"date":"2025-09-15T15:02:50","date_gmt":"2025-09-15T13:02:50","guid":{"rendered":"https:\/\/tonsberg.katolsk.no\/?page_id=11781"},"modified":"2025-12-18T11:45:52","modified_gmt":"2025-12-18T10:45:52","slug":"familiekatekese","status":"publish","type":"page","link":"https:\/\/tonsberg.katolsk.no\/index.php\/katekese\/familiekatekese\/","title":{"rendered":"Familiekatekese &amp; F\u00f8rstekommunion &#8211; I.\u00e5r"},"content":{"rendered":"\n<p>Familiekatekesen er for familier med barn fra 0 &#8211; 8 \u00e5r t.o.m. 2. klasse. Her skal ogs\u00e5 barna som er p\u00e5meldt I.\u00e5rs I.kommunionsgruppe delta, siden <strong> det er 2 \u00e5rs forberedelse til I.kommunion<\/strong>. Alle andre barn har katekesetilbud i resterende katekesegrupper: 3.klassingene skal g\u00e5 i II.\u00e5rs I.kommunionsgruppen, 4. &#8211; 7.klassingene skal g\u00e5 i Tweens-gruppen, 8.klassingene skal delta i I.\u00e5rs konfirmantgruppen, og 9.klassingene i II.\u00e5rs konfirmantgruppen. <strong>Alle barn som deltar i familiekatekesen m\u00e5 ha med seg minst \u00e9n voksen\/foresatt, ogs\u00e5 2.klassingene.<\/strong> Kom gjerne med hele familien&nbsp;\ud83e\udd17<\/p>\n\n\n\n<p><strong>Katekese best\u00e5r av fem deler:<\/strong><br>1-\u00c5 f\u00e5 undervisning om troen p\u00e5 Jesus, Gud, Den Hellige \u00c5nd og om Kirken<br>2-\u00c5 delta i messen<br>3-\u00c5 l\u00e6re \u00e5 elske Gud, andre og seg selv<br>4-\u00c5 l\u00e6re om b\u00f8nn og om det \u00e5 be<br>5-\u00c5 v\u00e6re i et kristent fellesskap med hverandre<\/p>\n\n\n\n<p><strong>Familiekatekese er to ting:<\/strong><br><strong>1 &#8211;<\/strong>&nbsp;Det er det f\u00f8rste av to \u00e5r der barna deltar for \u00e5 forberede seg til I.kommunion = for 2. klassinger<br><strong>2 &#8211;<\/strong>&nbsp;Det er katekese for b\u00e5de voksne og barn = for hele barnefamilien.<\/p>\n\n\n\n<p><strong>I. kommunions- og familiekatekeseplan 2025-26:<\/strong><\/p>\n\n\n\n<figure class=\"wp-block-table\"><table class=\"has-fixed-layout\"><tbody><tr><td colspan=\"2\"><strong>H\u00f8sten 2025 <\/strong><strong><\/strong><\/td><td><strong>Tema<\/strong><\/td><\/tr><tr><td><strong>September<\/strong><strong><\/strong><\/td><td>L\u00f8rdag 6. september, katekese fra kl. 11 \u2013 15. Foresatte er med hele dagen. Obligatorisk katekesemesse kl. 14. &nbsp; L\u00f8rdag 27. september, kl. 11 \u2013 15<br>Obligatorisk messe kl. 14 MED foresatte\/familier<\/td><td>&nbsp; Bli-kjent og repetisjon &nbsp; Gud, Bibelen, Den Hellige \u00c5nd og oss mennesker<\/td><\/tr><tr><td><strong>Oktober<\/strong><\/td><td>L\u00f8rdag 18. oktober, katekese fra kl. 11 \u2013 15.<br>Obligatorisk messe kl. 14 MED foresatte\/familier<\/td><td>Jesus, Maria\/helgener og Kirkekalenderen<\/td><\/tr><tr><td><strong>November<\/strong><\/td><td><strong>Frivillig:<\/strong> L\u00f8rdag 1. november: Allehelgensfest for hele menigheten og katekesen. Informasjon kommer. &nbsp; L\u00f8rdag 8.november, katekese fra kl. 11 \u2013 15<br>Obligatorisk messe kl. 14 MED foresatte\/familier<\/td><td>&nbsp; Hva er messen, og hvorfor og hvordan feirer vi den?<\/td><\/tr><tr><td><strong>Desember<\/strong><\/td><td>L\u00f8rdag 13. desember, katekese fra kl. 11 \u2013 15<br>Obligatorisk messe kl. 14 MED foresatte\/familier &nbsp; Ekstra\u00f8velse f\u00f8r julespill: Informasjon kommer.<\/td><td>Juleverksted og \u00f8velse til julespillet.<\/td><\/tr><tr><td colspan=\"2\"><strong>V\u00e5r 2026 <\/strong><\/td><td><strong>&nbsp;<\/strong><\/td><\/tr><tr><td><strong>Januar<\/strong><\/td><td>Ekstra\u00f8velse for julespill: L\u00f8rdag 3.januar, katekese fra kl.13 \u2013 15 <strong>Julespill fremf\u00f8ring og juletrefest:<\/strong> S\u00f8ndag 4. januar &nbsp; L\u00f8rdag 10. januar, katekese fra kl. 11 \u2013 15<br>Obligatorisk messe kl. 14 MED foresatte\/familier<\/td><td>&nbsp; &nbsp; Moses, noen andre bibelfortellinger, de 10 bud og det dobbelte kj\u00e6rlighetsbudet<\/td><\/tr><tr><td><strong>Februar<\/strong><\/td><td>L\u00f8rdag 7. februar, katekese fra kl. 11 \u2013 15<br>Obligatorisk messe kl. 14 MED foresatte\/familier &nbsp; <strong>Frivillig:<\/strong> L\u00f8rdag 15. februar: Fastelavenfest\/karneval<\/td><td>Sakramentene: spesielt d\u00e5p, skriftem\u00e5l, kommunion og konfirmasjon.<\/td><\/tr><tr><td><strong>Mars<\/strong><\/td><td><br>L\u00f8rdag 14. mars, katekese fra kl. 11 \u2013 15<br>Obligatorisk messe kl. 14 MED foresatte\/familier<\/td><td>Sakramentene: Vi \u00f8ver p\u00e5 skriftem\u00e5let og snakker om p\u00e5sken.<\/td><\/tr><tr><td><strong>April<\/strong><\/td><td>L\u00f8rdag 11. april, katekese fra kl. 11 \u2013 15<br>Obligatorisk messe kl. 14 MED foresatte\/familier<\/td><td>En p\u00e5skefestRepetisjon<\/td><\/tr><tr><td><strong>Mai<\/strong><\/td><td>L\u00f8rdag 9. mai, katekese fra kl. 11 \u2013 15<br>Obligatorisk messe kl. 14 MED foresatte\/familier &nbsp; Ekstra\u00f8velser og skriftem\u00e5l f\u00f8r f\u00f8rsetkommunion. <strong>F\u00d8RSTEKOMMUNION ER L\u00d8RDAG 23. MAI<\/strong>. Tidspunkt kommer<\/td><td>&nbsp; <strong>F\u00f8rstekommunionsbarna<\/strong>har \u00f8velse og skriftem\u00e5l denne m\u00e5neden. Ekstradag(er) blir satt opp. Info kommer.<\/td><\/tr><\/tbody><\/table><\/figure>\n\n\n\n<p><strong><u>Datoer for I.kommunions- og Familiekatekesesamlinger 2025 &#8211; 2026 (kl. 11 &#8211; 15):<\/u><\/strong><br><strong>2025: <\/strong>l\u00f8rdag 6. september, 27. september, 18. oktober, 8. november, 13. desember.<\/p>\n\n\n\n<p><strong>2026: <\/strong>l\u00f8rdag 10. januar, 7. februar, 14. mars, 11. april, 9.&nbsp;mai.<\/p>\n\n\n\n<p><span><u style=\"font-weight: bold;\">Familiekatekesesamlingene ser slik ut:<\/u><\/span><\/p>\n\n\n\n<p><strong>(10:00) <\/strong>Barnekoret ifm katekesemessen \u00f8ver i kirken med Terese<\/p>\n\n\n\n<p><strong>(10:30) <\/strong>Barn med katekesemesseoppgaver forbereder seg i kirken<\/p>\n\n\n\n<p><strong>11-12:00) <\/strong>1. \u00f8kt i katekesegruppen<\/p>\n\n\n\n<p><strong>12-12:45) <\/strong>Matpause og felles lek<\/p>\n\n\n\n<p><strong>12:45-13:45) <\/strong>2. \u00f8kt i katekesegruppen<\/p>\n\n\n\n<p><strong>13:45-14:00) <\/strong>Dopause og barna finner frem til sine foreldre\/familier<\/p>\n\n\n\n<p><strong>14-15) <\/strong>Felles obligatorisk messe hvor <strong>foreldre deltar<\/strong> <strong>med sine barn<\/strong><\/p>\n\n\n\n<p><strong>15)<\/strong> Slutt for dagen<\/p>\n\n\n\n<p><strong>Kontingent: kr 350&nbsp;<\/strong>pr barn (deretter kr 100 ekstra for alle andre voksne og barn som er med. Barn 0 &#8211; 5 \u00e5r er gratis) betales inn p\u00e5 kontonummer: 1638.17.36583.<\/p>\n\n\n\n<p>(Kontingenten dekker b\u00f8ker, mapper, skrivemateriell samt pausemat og drikke)<\/p>\n\n\n\n<p><strong>P\u00e5meldingsskjema Familiekatekese: <\/strong><a href=\"https:\/\/forms.office.com\/pages\/responsepage.aspx?id=-v90rbsIDUiTmklrdgP0XYuyrbZFxTlFlPeKljCNcadURVdDS0U2VjFOVlRLWUU5RzZKQkg0RkJWTy4u&amp;route=shorturl\">https:\/\/forms.office.com\/pages\/responsepage.aspx?id=-v90rbsIDUiTmklrdgP0XYuyrbZFxTlFlPeKljCNcadURVdDS0U2VjFOVlRLWUU5RzZKQkg0RkJWTy4u&amp;route=shorturl<\/a><\/p>\n\n\n\n<p><strong>NB: <\/strong>Husk \u00e5 <strong>melde ifra om allergier og intoleranser, diagnoser og spesielle behov <\/strong>og n\u00e5r du kan stille som <strong>katekesehjelp <\/strong>i skjemaet (vi har en <strong>utegruppe<\/strong> som passer p\u00e5 barna og organiserer lek i pausen; en <strong>kj\u00f8kkengruppe<\/strong> som forbereder mat til barnas matpause, og en<strong> ryddegruppe<\/strong> som rydder\/t\u00f8rker av bord, mopper gulv og g\u00e5r med s\u00f8pla til slutt).<\/p>\n\n\n\n<p><strong>Trykk &laquo;Send&raquo; for vellykket registrering<\/strong>. Dersom dere ikke lykkes \u00e5 registrere dere via Microsoft-kontoen deres, kan man registrere seg uten denne fra en annen nettleser.<\/p>\n\n\n\n<p><strong>P\u00e5meldingsskjema til de som \u00f8nsker \u00e5 delta i Barnekoret (gratis):<\/strong>&nbsp;<a href=\"https:\/\/forms.office.com\/pages\/responsepage.aspx?id=-v90rbsIDUiTmklrdgP0XYuyrbZFxTlFlPeKljCNcadURFVETDY1RE5GUE02VkFZUEpINlpOWE9MUC4u&amp;route=shorturl\">https:\/\/forms.office.com\/pages\/responsepage.aspx?id=-v90rbsIDUiTmklrdgP0XYuyrbZFxTlFlPeKljCNcadURFVETDY1RE5GUE02VkFZUEpINlpOWE9MUC4u&amp;route=shorturl<\/a><\/p>\n\n\n\n<p><strong><br>Har dere sp\u00f8rsm\u00e5l?<\/strong><br>Ta kontakt med katekesekoordinator Nanna Natalia Karpinska J\u00f8rgensen: nanna.jorgensen@katolsk.no eller 95141740.<br><\/p>\n\n\n\n<hr class=\"wp-block-separator has-alpha-channel-opacity\"\/>\n\n\n\n<p><br><\/p>\n\n\n\n<p><\/p>\n","protected":false},"excerpt":{"rendered":"<p>Familiekatekesen er for familier med barn fra 0 &#8211; 8 \u00e5r t.o.m. 2. klasse. Her skal ogs\u00e5 barna som er p\u00e5meldt I.\u00e5rs I.kommunionsgruppe delta, siden det er 2 \u00e5rs forberedelse til I.kommunion. Alle andre barn har katekesetilbud i resterende katekesegrupper: 3.klassingene skal g\u00e5 i II.\u00e5rs I.kommunionsgruppen, 4. &#8211; 7.klassingene skal g\u00e5 i Tweens-gruppen, 8.klassingene skal &hellip; <\/p>\n<p class=\"link-more\"><a href=\"https:\/\/tonsberg.katolsk.no\/index.php\/katekese\/familiekatekese\/\" class=\"more-link\">Fortsett \u00e5 lese<span class=\"screen-reader-text\"> \u00abFamiliekatekese &amp; F\u00f8rstekommunion &#8211; I.\u00e5r\u00bb<\/span><\/a><\/p>\n","protected":false},"author":7,"featured_media":0,"parent":12,"menu_order":0,"comment_status":"closed","ping_status":"closed","template":"","meta":{"footnotes":""},"class_list":["post-11781","page","type-page","status-publish","hentry"],"_links":{"self":[{"href":"https:\/\/tonsberg.katolsk.no\/index.php\/wp-json\/wp\/v2\/pages\/11781","targetHints":{"allow":["GET"]}}],"collection":[{"href":"https:\/\/tonsberg.katolsk.no\/index.php\/wp-json\/wp\/v2\/pages"}],"about":[{"href":"https:\/\/tonsberg.katolsk.no\/index.php\/wp-json\/wp\/v2\/types\/page"}],"author":[{"embeddable":true,"href":"https:\/\/tonsberg.katolsk.no\/index.php\/wp-json\/wp\/v2\/users\/7"}],"replies":[{"embeddable":true,"href":"https:\/\/tonsberg.katolsk.no\/index.php\/wp-json\/wp\/v2\/comments?post=11781"}],"version-history":[{"count":13,"href":"https:\/\/tonsberg.katolsk.no\/index.php\/wp-json\/wp\/v2\/pages\/11781\/revisions"}],"predecessor-version":[{"id":12124,"href":"https:\/\/tonsberg.katolsk.no\/index.php\/wp-json\/wp\/v2\/pages\/11781\/revisions\/12124"}],"up":[{"embeddable":true,"href":"https:\/\/tonsberg.katolsk.no\/index.php\/wp-json\/wp\/v2\/pages\/12"}],"wp:attachment":[{"href":"https:\/\/tonsberg.katolsk.no\/index.php\/wp-json\/wp\/v2\/media?parent=11781"}],"curies":[{"name":"wp","href":"https:\/\/api.w.org\/{rel}","templated":true}]}}