{"id":11794,"date":"2025-09-20T12:40:48","date_gmt":"2025-09-20T10:40:48","guid":{"rendered":"https:\/\/tonsberg.katolsk.no\/?page_id=11794"},"modified":"2025-09-20T12:43:14","modified_gmt":"2025-09-20T10:43:14","slug":"katolsk-forum-varen-2025","status":"publish","type":"page","link":"https:\/\/tonsberg.katolsk.no\/index.php\/katolsk-forum\/katolsk-forum-varen-2025\/","title":{"rendered":"Katolsk Forum v\u00e5ren 2025"},"content":{"rendered":"\n<p>Vel m\u00f8tt til en ny sesong med Katolsk Forum i St. Olav kirke!<\/p>\n\n\n\n<ul class=\"wp-block-list\">\n<li>Entr\u00e9 kr. 100,- (gratis for skoleungdom og studenter)<\/li>\n\n\n\n<li>Foredragene starter kl. 19 og avsluttes f\u00f8r kl. 21<\/li>\n\n\n\n<li>Enkel kveldsmat<\/li>\n\n\n\n<li>V\u00e5ren 2025 er foredragene p\u00e5 tirsdager<\/li>\n<\/ul>\n\n\n\n<p>Ny Katolsk forum-komit\u00e9 fra h\u00f8sten 2024: Tonje G. Hareide, Sigurd Ormbostad, Gro Vitters\u00f8 og diakon Sigurd Hareide. Ta kontakt om du har forslag til foredragstema eller vil bidra p\u00e5 andre m\u00e5ter. <\/p>\n\n\n\n<div class=\"wp-block-media-text is-stacked-on-mobile\"><figure class=\"wp-block-media-text__media\"><img loading=\"lazy\" decoding=\"async\" width=\"1024\" height=\"1024\" src=\"https:\/\/tonsberg.katolsk.no\/wp-content\/uploads\/2025\/01\/Ingrid-Joys-1024x1024.jpg\" alt=\"\" class=\"wp-image-11370 size-full\" srcset=\"https:\/\/tonsberg.katolsk.no\/wp-content\/uploads\/2025\/01\/Ingrid-Joys-1024x1024.jpg 1024w, https:\/\/tonsberg.katolsk.no\/wp-content\/uploads\/2025\/01\/Ingrid-Joys-300x300.jpg 300w, https:\/\/tonsberg.katolsk.no\/wp-content\/uploads\/2025\/01\/Ingrid-Joys-150x150.jpg 150w, https:\/\/tonsberg.katolsk.no\/wp-content\/uploads\/2025\/01\/Ingrid-Joys-768x768.jpg 768w, https:\/\/tonsberg.katolsk.no\/wp-content\/uploads\/2025\/01\/Ingrid-Joys-100x100.jpg 100w, https:\/\/tonsberg.katolsk.no\/wp-content\/uploads\/2025\/01\/Ingrid-Joys.jpg 1094w\" sizes=\"auto, (max-width: 767px) 89vw, (max-width: 1000px) 54vw, (max-width: 1071px) 543px, 580px\" \/><\/figure><div class=\"wp-block-media-text__content\">\n<p>Tirsdag 21. januar kl. 19-21: <br><strong>\u00c5 bygge samfunn <\/strong><br>Ingrid Rosendorf Joys<\/p>\n<\/div><\/div>\n\n\n\n<p><strong>Ingrid Rosendorf Joys<\/strong> er fra 2024 generalsekret\u00e6r i <a href=\"https:\/\/caritas.no\/\" target=\"_blank\" rel=\"noreferrer noopener\">Caritas Norge<\/a>, Den katolske kirkes bistandsorganisasjon. Hun er sosiolog av utdanning og har tidligere (2017-2024) v\u00e6rt generalsekret\u00e6r i Samarbeidsr\u00e5det for tros- og livssynssamfunn (STL), ledet Avdeling for samfunnskontakt i Oslo katolske bisped\u00f8mme og v\u00e6rt kommunikasjons- og programleder i Det europeiske religionslederr\u00e5det (ECRL). Hun er kjent som en engasjert og profilert bidragsyter i samfunnsdebatten.<\/p>\n\n\n\n<div class=\"wp-block-media-text has-media-on-the-right is-stacked-on-mobile\"><div class=\"wp-block-media-text__content\">\n<p>Tirsdag 18. mars kl. 19-21<br><strong>\u00abV\u00e5re forfedres kirke\u00bb <\/strong><br><strong>&#8211; Om Klosterlasses liv og<br>forbudte b\u00f8ker<\/strong><br>Sigurd Hareide<\/p>\n<\/div><figure class=\"wp-block-media-text__media\"><img loading=\"lazy\" decoding=\"async\" width=\"736\" height=\"1024\" src=\"https:\/\/tonsberg.katolsk.no\/wp-content\/uploads\/2025\/01\/Klosterlasseboken-736x1024.png\" alt=\"\" class=\"wp-image-11380 size-full\" srcset=\"https:\/\/tonsberg.katolsk.no\/wp-content\/uploads\/2025\/01\/Klosterlasseboken-736x1024.png 736w, https:\/\/tonsberg.katolsk.no\/wp-content\/uploads\/2025\/01\/Klosterlasseboken-216x300.png 216w, https:\/\/tonsberg.katolsk.no\/wp-content\/uploads\/2025\/01\/Klosterlasseboken-768x1068.png 768w, https:\/\/tonsberg.katolsk.no\/wp-content\/uploads\/2025\/01\/Klosterlasseboken.png 872w\" sizes=\"auto, (max-width: 736px) 100vw, 736px\" \/><\/figure><\/div>\n\n\n\n<p><strong>Lauritz Nielss\u00f8n, alias \u00abKlosterlasse\u00bb, <\/strong>er gutten fra T\u00f8nsberg som ble katolikk og jesuittprest i en tid hvor begge deler var forbudt i Danmark-Norge. Han d\u00f8de i eksil i Vilnius i 1622 etter et langt liv i kamp for \u00e5 f\u00f8re Den katolske kirke tilbake til Norden. Fra ulike europeiske byer underviste han lutherske teologistudenter fra Norden som iblant vente hjem som hemmelige katolske prester, og han skrev forbudte katolske b\u00f8ker som m\u00e5tte smugles inn i landet. I 2022 ble han hedret med en minneplate og gateoppkalling ved St. Olav kirke i hjembyen T\u00f8nsberg. I 2023 kom boken \u00abV\u00e5re forfedres kirke\u00bb Tekster av, om og til Klosterlasse (red. Gr\u00f8gaard, Hareide og Laugerud, St. Olav forlag). <\/p>\n\n\n\n<p><strong><em>Sigurd Hareide <\/em><\/strong><em>er diakon i St. Olav kirke. Som f\u00f8rstelektor ved Universitetet i S\u00f8r\u00f8st-Norge har han forsket p\u00e5 Lauritz Nielss\u00f8ns liv og skrifter. For tiden har han permisjon fra universitetsstillingen for \u00e5 arbeide som sekret\u00e6r\/liturgifaglig r\u00e5dgiver for Liturgikommisjonen under Norsk Katolsk Bisper\u00e5d.  <\/em><\/p>\n\n\n\n<div class=\"wp-block-media-text is-stacked-on-mobile\"><figure class=\"wp-block-media-text__media\"><img loading=\"lazy\" decoding=\"async\" width=\"1024\" height=\"743\" src=\"https:\/\/tonsberg.katolsk.no\/wp-content\/uploads\/2025\/01\/Hallvard-Hole-1024x743.jpg\" alt=\"\" class=\"wp-image-11381 size-full\" srcset=\"https:\/\/tonsberg.katolsk.no\/wp-content\/uploads\/2025\/01\/Hallvard-Hole-1024x743.jpg 1024w, https:\/\/tonsberg.katolsk.no\/wp-content\/uploads\/2025\/01\/Hallvard-Hole-300x218.jpg 300w, https:\/\/tonsberg.katolsk.no\/wp-content\/uploads\/2025\/01\/Hallvard-Hole-768x557.jpg 768w, https:\/\/tonsberg.katolsk.no\/wp-content\/uploads\/2025\/01\/Hallvard-Hole-1536x1115.jpg 1536w, https:\/\/tonsberg.katolsk.no\/wp-content\/uploads\/2025\/01\/Hallvard-Hole-2048x1487.jpg 2048w\" sizes=\"auto, (max-width: 767px) 89vw, (max-width: 1000px) 54vw, (max-width: 1071px) 543px, 580px\" \/><\/figure><div class=\"wp-block-media-text__content\">\n<p>Tirsdag 8. april kl. 19-21:<br><strong>Grundtvigs \u00abkatolske\u00bb menneskesyn<\/strong><br>P. Hallvard Hole OFM<\/p>\n<\/div><\/div>\n\n\n\n<p><strong>N. F. S. Grundtvig<\/strong> (1783-1872) er kjent for sin poetiske kraft, som vi ogs\u00e5 nyter godt av i Den katolske kirke n\u00e5r vi feirer messen og av hjertens lyst synger hymner diktet av ham. Av alle lutherske teologer og salmediktere er han den som ligger n\u00e6rmest det katolske menneskesyn, s\u00e5 mye at hans teologiske standpunkter av enkelte i en annen tid ble regnet for like ukristelige som det katolske. Han fortsetter likevel \u00e5 sette sitt preg p\u00e5 kirke og teologi i Norden. Hvor kom dette \u00abkatolske\u00bb menneskesynet fra, og hvor er det p\u00e5 vei i dag?<\/p>\n\n\n\n<p><em><strong>Pater Hallvard Hole<\/strong> er fransiskaner. I 2021 disputerte han med en avhandling om Grundtvig og M\u00f6hlers teologiske antropologi. De siste \u00e5rene har han bodd i Italia, f\u00f8r han vendte tilbake til Norge og overtok ansvaret for St. Frans kirke og kloster i Larvik sommeren 2024. <\/em>&nbsp;<\/p>\n","protected":false},"excerpt":{"rendered":"<p>Vel m\u00f8tt til en ny sesong med Katolsk Forum i St. Olav kirke! Ny Katolsk forum-komit\u00e9 fra h\u00f8sten 2024: Tonje G. Hareide, Sigurd Ormbostad, Gro Vitters\u00f8 og diakon Sigurd Hareide. Ta kontakt om du har forslag til foredragstema eller vil bidra p\u00e5 andre m\u00e5ter. Tirsdag 21. januar kl. 19-21: \u00c5 bygge samfunn Ingrid Rosendorf Joys &hellip; <\/p>\n<p class=\"link-more\"><a href=\"https:\/\/tonsberg.katolsk.no\/index.php\/katolsk-forum\/katolsk-forum-varen-2025\/\" class=\"more-link\">Fortsett \u00e5 lese<span class=\"screen-reader-text\"> \u00abKatolsk Forum v\u00e5ren 2025\u00bb<\/span><\/a><\/p>\n","protected":false},"author":2,"featured_media":0,"parent":17,"menu_order":0,"comment_status":"closed","ping_status":"closed","template":"","meta":{"footnotes":""},"class_list":["post-11794","page","type-page","status-publish","hentry"],"_links":{"self":[{"href":"https:\/\/tonsberg.katolsk.no\/index.php\/wp-json\/wp\/v2\/pages\/11794","targetHints":{"allow":["GET"]}}],"collection":[{"href":"https:\/\/tonsberg.katolsk.no\/index.php\/wp-json\/wp\/v2\/pages"}],"about":[{"href":"https:\/\/tonsberg.katolsk.no\/index.php\/wp-json\/wp\/v2\/types\/page"}],"author":[{"embeddable":true,"href":"https:\/\/tonsberg.katolsk.no\/index.php\/wp-json\/wp\/v2\/users\/2"}],"replies":[{"embeddable":true,"href":"https:\/\/tonsberg.katolsk.no\/index.php\/wp-json\/wp\/v2\/comments?post=11794"}],"version-history":[{"count":1,"href":"https:\/\/tonsberg.katolsk.no\/index.php\/wp-json\/wp\/v2\/pages\/11794\/revisions"}],"predecessor-version":[{"id":11796,"href":"https:\/\/tonsberg.katolsk.no\/index.php\/wp-json\/wp\/v2\/pages\/11794\/revisions\/11796"}],"up":[{"embeddable":true,"href":"https:\/\/tonsberg.katolsk.no\/index.php\/wp-json\/wp\/v2\/pages\/17"}],"wp:attachment":[{"href":"https:\/\/tonsberg.katolsk.no\/index.php\/wp-json\/wp\/v2\/media?parent=11794"}],"curies":[{"name":"wp","href":"https:\/\/api.w.org\/{rel}","templated":true}]}}