{"id":12294,"date":"2026-03-06T15:01:49","date_gmt":"2026-03-06T14:01:49","guid":{"rendered":"https:\/\/tonsberg.katolsk.no\/?page_id=12294"},"modified":"2026-05-01T10:33:33","modified_gmt":"2026-05-01T08:33:33","slug":"aktuelle-messetider","status":"publish","type":"page","link":"https:\/\/tonsberg.katolsk.no\/index.php\/messetider\/aktuelle-messetider\/","title":{"rendered":"Aktuelle messetider"},"content":{"rendered":"\n<h3 class=\"wp-block-heading\"><strong>MESSETIDER FOR MAI 2026<\/strong><\/h3>\n\n\n\n<p><strong>S\u00d8NDAGER:<\/strong> <br><strong>Messe&nbsp;p\u00e5<em>&nbsp;polsk&nbsp;<\/em><\/strong>kl. 09.00<em><br><\/em><strong>Messe p\u00e5&nbsp;<em>norsk<\/em>&nbsp;<\/strong>kl. 11.00* <mark style=\"background-color:rgba(0, 0, 0, 0)\" class=\"has-inline-color has-vivid-red-color\"><strong>[NB! S\u00f8ndag 17. mai flyttes messen p\u00e5 norsk til kl. 13.00]<\/strong><\/mark><br>(+ l\u00f8rdager kl. 18.00)&nbsp;<mark style=\"background-color:rgba(0, 0, 0, 0)\" class=\"has-inline-color has-vivid-red-color\">[r\u00f8kelse 10. og 24. mai]<\/mark>. <br>* <em><mark style=\"background-color:rgba(0, 0, 0, 0)\" class=\"has-inline-color has-vivid-red-color\">Det er s\u00f8ndagsskole\/ordets liturgi for barn hver s\u00f8ndag i 11-messen. Barna g\u00e5r ut for eget opplegg under ordets liturgi og kommer tilbake til eukaristiens liturgi. <\/mark><\/em><br><strong>Messe p\u00e5 andre spr\u00e5k<\/strong>:<br><em>\u2013<\/em>&nbsp;<em>tamilsk:&nbsp;<\/em>3. mai kl. 13.00]<br><em>\u2013<\/em>&nbsp;<em>filippinsk\/engelsk:&nbsp;<\/em>10. mai kl. 13.00<br><em>\u2013<\/em>&nbsp;<em>ukrainsk:&nbsp;<\/em>10. mai kl. 15.00<br><em>\u2013<\/em> <em>kroatisk: <\/em>24. mai kl. 16.00<\/p>\n\n\n\n<p><mark style=\"background-color:rgba(0, 0, 0, 0)\" class=\"has-inline-color has-vivid-red-color\"><strong>Gi en gave til St. Olav menighet og\/eller bli fast giver &#8211; begge deler p\u00e5 <a href=\"https:\/\/tonsberg.katolsk.no\/index.php\/informasjon\/gi-en-gave-til-st-olav-menighet\/\">v\u00e5r nye giverside<\/a>!<\/strong><\/mark><\/p>\n\n\n\n<p><strong><mark style=\"background-color:rgba(0, 0, 0, 0)\" class=\"has-inline-color has-black-color\">S\u00c6RSKILTE DAGER I MAI 2026: <\/mark><\/strong><br><strong>&#8211; <\/strong>l\u00f8rdag 2. mai kl. 11 og kl. 13: <strong>To konfirmasjonsmesser<\/strong><br>&#8211; l\u00f8rdag 9. mai kl. 14:<strong>Katekesemesse<\/strong><br>&#8211; <mark style=\"background-color:rgba(0, 0, 0, 0)\" class=\"has-inline-color has-vivid-red-color\"><strong>NB! S\u00f8ndag 17. mai flyttes messen p\u00e5 norsk til kl. 13.00<\/strong><\/mark><br>&#8211; l\u00f8rdag 23. mai kl. 11: <strong>F\u00f8rstekommunionsmesse<\/strong><br>&#8211; s\u00f8ndag 24. mai, f\u00f8rste pinsedag: <strong><mark style=\"background-color:rgba(0, 0, 0, 0)\" class=\"has-inline-color has-vivid-red-color\">Pinseh\u00f8ymesse kl. 11 med p\u00e5f\u00f8lgende internasjonal dag med underholdning og salg av mat fra mange kulturer<\/mark><\/strong><\/p>\n\n\n\n<p><strong>HVERDAGER:<\/strong><br>&#8211;&nbsp;<strong>mandag og onsdag:<\/strong>&nbsp;messe kl. 08.00 i St. Elisabeths\u00f8strenes kapell<br>&#8211;&nbsp;<strong>tirsdag, torsdag og fredag:<\/strong>&nbsp;messe kl. 18.00 i kirken <br>&#8211; <strong>sakramenttilbedelse<\/strong> etter messen fredager<br>&#8211;&nbsp;<strong>l\u00f8rdag: s\u00f8ndagsmesse kl. 18.00 i kirken<\/strong><\/p>\n\n\n\n<p><mark style=\"background-color:rgba(0, 0, 0, 0)\" class=\"has-inline-color has-vivid-red-color\"><strong>PAVENS B\u00d8NNEINTENSJON DENNE M\u00c5NEDEN:<\/strong><br><\/mark><strong>At alle m\u00e5 f\u00e5 mat<\/strong>: <br><em>La oss be om at alle, fra store produsenter til sm\u00e5 forbrukere, forplikter seg til \u00e5 unng\u00e5 matsl\u00f8sing, og at de gj\u00f8r sitt beste for alle skal ha tilgang til n\u00e6ringsrik mat.<\/em><\/p>\n\n\n\n<p><strong>FAST TIDSPUNKT FOR SKRIFTEM\u00c5L:<\/strong><br>F<strong>\u00f8rste fredag i m\u00e5neden kl. 19-20<\/strong> eller ved \u00e5 ta kontakt med presten og avtale direkte.<br>E-post til prest: Johannes.Vu.Manh.Hung@katolsk.no<br>Mobiltelefon: 905 25 631<\/p>\n","protected":false},"excerpt":{"rendered":"<p>MESSETIDER FOR MAI 2026 S\u00d8NDAGER: Messe&nbsp;p\u00e5&nbsp;polsk&nbsp;kl. 09.00Messe p\u00e5&nbsp;norsk&nbsp;kl. 11.00* [NB! S\u00f8ndag 17. mai flyttes messen p\u00e5 norsk til kl. 13.00](+ l\u00f8rdager kl. 18.00)&nbsp;[r\u00f8kelse 10. og 24. mai]. * Det er s\u00f8ndagsskole\/ordets liturgi for barn hver s\u00f8ndag i 11-messen. Barna g\u00e5r ut for eget opplegg under ordets liturgi og kommer tilbake til eukaristiens liturgi. Messe p\u00e5 &hellip; <\/p>\n<p class=\"link-more\"><a href=\"https:\/\/tonsberg.katolsk.no\/index.php\/messetider\/aktuelle-messetider\/\" class=\"more-link\">Fortsett \u00e5 lese<span class=\"screen-reader-text\"> \u00abAktuelle messetider\u00bb<\/span><\/a><\/p>\n","protected":false},"author":2,"featured_media":0,"parent":7,"menu_order":0,"comment_status":"closed","ping_status":"closed","template":"","meta":{"footnotes":""},"class_list":["post-12294","page","type-page","status-publish","hentry"],"_links":{"self":[{"href":"https:\/\/tonsberg.katolsk.no\/index.php\/wp-json\/wp\/v2\/pages\/12294","targetHints":{"allow":["GET"]}}],"collection":[{"href":"https:\/\/tonsberg.katolsk.no\/index.php\/wp-json\/wp\/v2\/pages"}],"about":[{"href":"https:\/\/tonsberg.katolsk.no\/index.php\/wp-json\/wp\/v2\/types\/page"}],"author":[{"embeddable":true,"href":"https:\/\/tonsberg.katolsk.no\/index.php\/wp-json\/wp\/v2\/users\/2"}],"replies":[{"embeddable":true,"href":"https:\/\/tonsberg.katolsk.no\/index.php\/wp-json\/wp\/v2\/comments?post=12294"}],"version-history":[{"count":8,"href":"https:\/\/tonsberg.katolsk.no\/index.php\/wp-json\/wp\/v2\/pages\/12294\/revisions"}],"predecessor-version":[{"id":12386,"href":"https:\/\/tonsberg.katolsk.no\/index.php\/wp-json\/wp\/v2\/pages\/12294\/revisions\/12386"}],"up":[{"embeddable":true,"href":"https:\/\/tonsberg.katolsk.no\/index.php\/wp-json\/wp\/v2\/pages\/7"}],"wp:attachment":[{"href":"https:\/\/tonsberg.katolsk.no\/index.php\/wp-json\/wp\/v2\/media?parent=12294"}],"curies":[{"name":"wp","href":"https:\/\/api.w.org\/{rel}","templated":true}]}}