{"id":17,"date":"2017-08-23T10:01:55","date_gmt":"2017-08-23T08:01:55","guid":{"rendered":"http:\/\/xn--tnsberg-q1a.katolsk.no\/?page_id=17"},"modified":"2025-09-20T13:17:30","modified_gmt":"2025-09-20T11:17:30","slug":"katolsk-forum","status":"publish","type":"page","link":"https:\/\/tonsberg.katolsk.no\/index.php\/katolsk-forum\/","title":{"rendered":"Katolsk Forum"},"content":{"rendered":"\n<p>Se undermenyene (under Grupper \/ Katolsk Forum) for \u00e5 finne gjeldende sesong med Katolsk Forum.<\/p>\n\n\n\n<p>Ny Katolsk forum-komit\u00e9 fra h\u00f8sten 2024: <br>Tonje G. Hareide, Sigurd Ormbostad, Gro Vitters\u00f8 og diakon Sigurd Hareide. <\/p>\n\n\n\n<p>Ta gjerne kontakt om du har forslag til foredragstema eller vil bidra p\u00e5 andre m\u00e5ter.<\/p>\n\n\n\n<p><\/p>\n","protected":false},"excerpt":{"rendered":"<p>Se undermenyene (under Grupper \/ Katolsk Forum) for \u00e5 finne gjeldende sesong med Katolsk Forum. Ny Katolsk forum-komit\u00e9 fra h\u00f8sten 2024: Tonje G. Hareide, Sigurd Ormbostad, Gro Vitters\u00f8 og diakon Sigurd Hareide. Ta gjerne kontakt om du har forslag til foredragstema eller vil bidra p\u00e5 andre m\u00e5ter.<\/p>\n","protected":false},"author":2,"featured_media":0,"parent":0,"menu_order":0,"comment_status":"closed","ping_status":"closed","template":"","meta":{"footnotes":""},"class_list":["post-17","page","type-page","status-publish","hentry"],"_links":{"self":[{"href":"https:\/\/tonsberg.katolsk.no\/index.php\/wp-json\/wp\/v2\/pages\/17","targetHints":{"allow":["GET"]}}],"collection":[{"href":"https:\/\/tonsberg.katolsk.no\/index.php\/wp-json\/wp\/v2\/pages"}],"about":[{"href":"https:\/\/tonsberg.katolsk.no\/index.php\/wp-json\/wp\/v2\/types\/page"}],"author":[{"embeddable":true,"href":"https:\/\/tonsberg.katolsk.no\/index.php\/wp-json\/wp\/v2\/users\/2"}],"replies":[{"embeddable":true,"href":"https:\/\/tonsberg.katolsk.no\/index.php\/wp-json\/wp\/v2\/comments?post=17"}],"version-history":[{"count":30,"href":"https:\/\/tonsberg.katolsk.no\/index.php\/wp-json\/wp\/v2\/pages\/17\/revisions"}],"predecessor-version":[{"id":11814,"href":"https:\/\/tonsberg.katolsk.no\/index.php\/wp-json\/wp\/v2\/pages\/17\/revisions\/11814"}],"wp:attachment":[{"href":"https:\/\/tonsberg.katolsk.no\/index.php\/wp-json\/wp\/v2\/media?parent=17"}],"curies":[{"name":"wp","href":"https:\/\/api.w.org\/{rel}","templated":true}]}}