{"id":2058,"date":"2021-10-06T16:07:20","date_gmt":"2021-10-06T14:07:20","guid":{"rendered":"http:\/\/tonsberg.katolsk.no\/?page_id=2058"},"modified":"2021-10-07T15:46:24","modified_gmt":"2021-10-07T13:46:24","slug":"datoer-for-forstekommunion-og-konfirmasjon-varen-2022","status":"publish","type":"page","link":"https:\/\/tonsberg.katolsk.no\/index.php\/katekese\/datoer-for-forstekommunion-og-konfirmasjon-varen-2022\/","title":{"rendered":"Datoer for f\u00f8rstekommunion og konfirmasjon v\u00e5ren 2022"},"content":{"rendered":"<h2><span style=\"color: #0000ff;\"><strong>DATO FOR KONFIRMASJON: 21.mai 2022<\/strong> <em>( Det blir mer enn \u00e9n messe. Klokkeslett kommer.)<\/em><\/span><\/h2>\n<h2><span style=\"color: #0000ff;\"><strong>DATO FOR F\u00d8RSTEKOMMUNION: 28.mai 2022<\/strong> <em>( Det blir mer enn \u00e9n messe. Klokkeslett kommer.)<\/em><\/span><\/h2>\n","protected":false},"excerpt":{"rendered":"<p>DATO FOR KONFIRMASJON: 21.mai 2022 ( Det blir mer enn \u00e9n messe. Klokkeslett kommer.) DATO FOR F\u00d8RSTEKOMMUNION: 28.mai 2022 ( Det blir mer enn \u00e9n messe. Klokkeslett kommer.)<\/p>\n","protected":false},"author":3,"featured_media":0,"parent":12,"menu_order":0,"comment_status":"closed","ping_status":"closed","template":"","meta":{"footnotes":""},"class_list":["post-2058","page","type-page","status-publish","hentry"],"_links":{"self":[{"href":"https:\/\/tonsberg.katolsk.no\/index.php\/wp-json\/wp\/v2\/pages\/2058","targetHints":{"allow":["GET"]}}],"collection":[{"href":"https:\/\/tonsberg.katolsk.no\/index.php\/wp-json\/wp\/v2\/pages"}],"about":[{"href":"https:\/\/tonsberg.katolsk.no\/index.php\/wp-json\/wp\/v2\/types\/page"}],"author":[{"embeddable":true,"href":"https:\/\/tonsberg.katolsk.no\/index.php\/wp-json\/wp\/v2\/users\/3"}],"replies":[{"embeddable":true,"href":"https:\/\/tonsberg.katolsk.no\/index.php\/wp-json\/wp\/v2\/comments?post=2058"}],"version-history":[{"count":1,"href":"https:\/\/tonsberg.katolsk.no\/index.php\/wp-json\/wp\/v2\/pages\/2058\/revisions"}],"predecessor-version":[{"id":2059,"href":"https:\/\/tonsberg.katolsk.no\/index.php\/wp-json\/wp\/v2\/pages\/2058\/revisions\/2059"}],"up":[{"embeddable":true,"href":"https:\/\/tonsberg.katolsk.no\/index.php\/wp-json\/wp\/v2\/pages\/12"}],"wp:attachment":[{"href":"https:\/\/tonsberg.katolsk.no\/index.php\/wp-json\/wp\/v2\/media?parent=2058"}],"curies":[{"name":"wp","href":"https:\/\/api.w.org\/{rel}","templated":true}]}}