{"id":2271,"date":"2022-03-12T15:52:18","date_gmt":"2022-03-12T14:52:18","guid":{"rendered":"http:\/\/tonsberg.katolsk.no\/?page_id=2271"},"modified":"2022-10-24T21:07:11","modified_gmt":"2022-10-24T19:07:11","slug":"ministrantlaget","status":"publish","type":"page","link":"https:\/\/tonsberg.katolsk.no\/index.php\/grupper\/ministrantlaget\/","title":{"rendered":"Ministrantlaget"},"content":{"rendered":"<p><strong>St. Olav ministrantlag er for alle barn og ungdom i menigheten som vil ministrere i den hellige messe.<\/strong><br \/>\n\u00c5 v\u00e6re ministrant er \u00e5 gj\u00f8re tjeneste ved Herrens alter i messen og andre gudstjenester og slik gj\u00f8re\u00a0tjeneste for Gud og Kirken. Det er en viktig oppgave, en\u00a0hellig oppgave, en spennende oppgave, en morsom oppgave, en l\u00e6rerik oppgave.<\/p>\n<p>I St. Olav ministrantlag \u00f8ver vi<strong>\u00a0<\/strong>med ujevne mellomrom, oftest s\u00f8ndager etter messen noen timer. Hvert \u00e5r reiser vi p\u00e5 norgesmesterskap i ministrering og treffer ministranter fra hele Norge p\u00e5 NM-helgen. P\u00e5 ministrants\u00f8ndagene \u00f8ver vi p\u00e5 \u00e5 ministrere, l\u00e6rer om hvorfor vi gj\u00f8r som vi gj\u00f8r i messen og har kanskje en mininstrantquiz. I tillegg spiser vi gjerne pizza og har det moro sammen.<\/p>\n<p><strong>Alle barn fra 3. klasse kan v\u00e6re med i ministrantlaget<\/strong>. M\u00f8t frem p\u00e5 en av \u00f8velsene eller i sakristiet senest femten minutter f\u00f8r messen, eller send en mail eller epost til voksenleder for ministrantene, Sigurd Hareide: Sigurd.Hareide@gmail.com<\/p>\n","protected":false},"excerpt":{"rendered":"<p>St. Olav ministrantlag er for alle barn og ungdom i menigheten som vil ministrere i den hellige messe. \u00c5 v\u00e6re ministrant er \u00e5 gj\u00f8re tjeneste ved Herrens alter i messen og andre gudstjenester og slik gj\u00f8re\u00a0tjeneste for Gud og Kirken. Det er en viktig oppgave, en\u00a0hellig oppgave, en spennende oppgave, en morsom oppgave, en l\u00e6rerik &hellip; <\/p>\n<p class=\"link-more\"><a href=\"https:\/\/tonsberg.katolsk.no\/index.php\/grupper\/ministrantlaget\/\" class=\"more-link\">Fortsett \u00e5 lese<span class=\"screen-reader-text\"> \u00abMinistrantlaget\u00bb<\/span><\/a><\/p>\n","protected":false},"author":2,"featured_media":0,"parent":15,"menu_order":0,"comment_status":"closed","ping_status":"closed","template":"","meta":{"footnotes":""},"class_list":["post-2271","page","type-page","status-publish","hentry"],"_links":{"self":[{"href":"https:\/\/tonsberg.katolsk.no\/index.php\/wp-json\/wp\/v2\/pages\/2271","targetHints":{"allow":["GET"]}}],"collection":[{"href":"https:\/\/tonsberg.katolsk.no\/index.php\/wp-json\/wp\/v2\/pages"}],"about":[{"href":"https:\/\/tonsberg.katolsk.no\/index.php\/wp-json\/wp\/v2\/types\/page"}],"author":[{"embeddable":true,"href":"https:\/\/tonsberg.katolsk.no\/index.php\/wp-json\/wp\/v2\/users\/2"}],"replies":[{"embeddable":true,"href":"https:\/\/tonsberg.katolsk.no\/index.php\/wp-json\/wp\/v2\/comments?post=2271"}],"version-history":[{"count":4,"href":"https:\/\/tonsberg.katolsk.no\/index.php\/wp-json\/wp\/v2\/pages\/2271\/revisions"}],"predecessor-version":[{"id":2557,"href":"https:\/\/tonsberg.katolsk.no\/index.php\/wp-json\/wp\/v2\/pages\/2271\/revisions\/2557"}],"up":[{"embeddable":true,"href":"https:\/\/tonsberg.katolsk.no\/index.php\/wp-json\/wp\/v2\/pages\/15"}],"wp:attachment":[{"href":"https:\/\/tonsberg.katolsk.no\/index.php\/wp-json\/wp\/v2\/media?parent=2271"}],"curies":[{"name":"wp","href":"https:\/\/api.w.org\/{rel}","templated":true}]}}