{"id":52,"date":"2017-08-23T10:57:44","date_gmt":"2017-08-23T08:57:44","guid":{"rendered":"http:\/\/xn--tnsberg-q1a.katolsk.no\/?page_id=52"},"modified":"2017-08-25T10:57:18","modified_gmt":"2017-08-25T08:57:18","slug":"dap","status":"publish","type":"page","link":"https:\/\/tonsberg.katolsk.no\/index.php\/dap\/","title":{"rendered":"D\u00e5p"},"content":{"rendered":"<p>Ved sp\u00f8rsm\u00e5l om d\u00e5p av barn, ta kontakt med sognepresten. Det er fint om foreldre skriver ut <a href=\"http:\/\/xn--tnsberg-q1a.katolsk.no\/wp-content\/uploads\/2017\/08\/OKB-Skjema-for-d\u00e5psmelding.pdf\">skjema for d\u00e5psmelding<\/a>\u00a0og fyller den ut med BLOKKBOKSTAVER f\u00f8r m\u00f8te med presten.<\/p>\n","protected":false},"excerpt":{"rendered":"<p>Ved sp\u00f8rsm\u00e5l om d\u00e5p av barn, ta kontakt med sognepresten. Det er fint om foreldre skriver ut skjema for d\u00e5psmelding\u00a0og fyller den ut med BLOKKBOKSTAVER f\u00f8r m\u00f8te med presten.<\/p>\n","protected":false},"author":2,"featured_media":0,"parent":0,"menu_order":0,"comment_status":"closed","ping_status":"closed","template":"","meta":{"footnotes":""},"class_list":["post-52","page","type-page","status-publish","hentry"],"_links":{"self":[{"href":"https:\/\/tonsberg.katolsk.no\/index.php\/wp-json\/wp\/v2\/pages\/52","targetHints":{"allow":["GET"]}}],"collection":[{"href":"https:\/\/tonsberg.katolsk.no\/index.php\/wp-json\/wp\/v2\/pages"}],"about":[{"href":"https:\/\/tonsberg.katolsk.no\/index.php\/wp-json\/wp\/v2\/types\/page"}],"author":[{"embeddable":true,"href":"https:\/\/tonsberg.katolsk.no\/index.php\/wp-json\/wp\/v2\/users\/2"}],"replies":[{"embeddable":true,"href":"https:\/\/tonsberg.katolsk.no\/index.php\/wp-json\/wp\/v2\/comments?post=52"}],"version-history":[{"count":3,"href":"https:\/\/tonsberg.katolsk.no\/index.php\/wp-json\/wp\/v2\/pages\/52\/revisions"}],"predecessor-version":[{"id":236,"href":"https:\/\/tonsberg.katolsk.no\/index.php\/wp-json\/wp\/v2\/pages\/52\/revisions\/236"}],"wp:attachment":[{"href":"https:\/\/tonsberg.katolsk.no\/index.php\/wp-json\/wp\/v2\/media?parent=52"}],"curies":[{"name":"wp","href":"https:\/\/api.w.org\/{rel}","templated":true}]}}